.
6
Let b be (-55)/22*14/(-5). Let d be (-2 - 1)*(-6 + 33/9). Calculate the highest common divisor of d and b.
7
Let p(n) = -6*n + 19. Let a be p(1). Suppose -8*c + 52 = -7*c. Calculate the highest common factor of a and c.
13
Suppose 299*a = 296*a + 504. Let n be 19/((-76)/a)*2/(-3). Calculate the greatest common factor of 448 and n.
28
Let x(r) = 62 - 52 + 51*r + 35. Let p be x(3). Calculate the highest common factor of p and 22.
22
Suppose -2*m - 8 = -3*m + 2*s, -4*m - 4*s = -80. Let k be 4/m - (-1695)/20. Let d = -13 - -30. Calculate the highest common factor of d and k.
17
Let f(z) = 3*z**2 + 37*z + 1095. Let s be f(-15). What is the greatest common divisor of s and 105?
15
Suppose 43*i - 8 = 47*i + 2*c, 4*c + 16 = 0. Let u be i - (-54)/12*176. Calculate the highest common factor of u and 72.
72
Let s = 21 - 21. Let r be (1 + s + 1)*(-244)/(-8). Let x = r + -49. What is the highest common factor of 36 and x?
12
Let p = -128 + 51. Let l = p - -143. What is the greatest common divisor of 12 and l?
6
Suppose 6*s - s + 365 = 4*v, 335 = 4*v + s. What is the highest common divisor of 1003 and v?
17
Let c(b) = 51*b**2 - 77*b + 14. Let q be c(3). What is the greatest common divisor of 407 and q?
11
Suppose -269 = -8*n - 125. Suppose -n*h = -30 - 420. What is the greatest common divisor of 200 and h?
25
Let x(l) = 235*l**3 + 6*l**2 - l. Let k be x(1). What is the greatest common factor of 4848 and k?
48
Suppose -65*b + 218*b = -173*b + 1667490. What is the highest common factor of b and 165?
165
Suppose -79*u + 13*u + 27972 = 8*u. Let l = -22 - -36. What is the greatest common factor of l and u?
14
Suppose -28*r + 50 = -3*r. Suppose r*w + 2 = 0, 0 = -5*a + 3*w - 0*w + 103. Calculate the greatest common divisor of 5 and a.
5
Suppose -127*x + 112*x = -2805. What is the highest common factor of 33 and x?
11
Suppose 3*d - d - 2*c - 248 = 0, -2*c = 4*d - 478. Calculate the highest common divisor of 55 and d.
11
Suppose -2*u + 291 = -4*r + 749, -5*r - 2*u + 586 = 0. Let z be (-2)/4*3/(33/(-638)). Calculate the greatest common divisor of r and z.
29
Let r(w) = 36*w. Let y be r(2). Suppose y - 8 = 16*j. Suppose j*n - 5*b - 152 = n, 3 = -3*b. Calculate the highest common factor of n and 7.
7
Let f(w) = 13*w**2 - 140*w - 292. Let q be f(13). Calculate the highest common factor of q and 855.
5
Suppose -14 = -4*o + 38. Let z(k) = -1 - 27*k - o*k + 49*k - k**2. Let m be z(6). Calculate the greatest common factor of m and 187.
17
Let z be (-2)/5 - (-238)/(-5). Let g = z + 46. Let j be g/(-12)*8*6. What is the highest common divisor of j and 80?
8
Let c be 3/5*125/100*56. What is the highest common factor of 96 and c?
6
Suppose 32*i - 114 = -4*l + 31*i, 118 = 4*l + 3*i. What is the greatest common factor of l and 329?
7
Suppose -5*w + 372 = 3*p, -68*w + 62*w - 4*p + 444 = 0. Calculate the greatest common divisor of w and 9906.
78
Suppose 37*k = 35*k + 682. Suppose -2*f - 4*t + 346 = 114, 3*f = t + k. Calculate the greatest common divisor of f and 6.
6
Let y be -9 - (-2 - -1 - -1). Let m be 2 + -5 + 3 - y. Let r(o) = -18*o + 369. Let q be r(16). Calculate the highest common divisor of m and q.
9
Let i = 1533 + -1513. What is the greatest common divisor of 545 and i?
5
Let l be 8 + -1 + -3*(6 - 5). Suppose -a - l*a + 132 = 4*o, 5*o + 5*a = 170. What is the highest common factor of o and 2?
2
Let i be (-7)/((-189)/(-45))*-18. What is the greatest common divisor of i and 9330?
30
Suppose 4*n - o - 346 = 0, -73 = -4*n - o + 269. What is the highest common factor of n and 258?
86
Let m(r) = -25*r + 281. Let s(l) = -45*l + 563. Let c(b) = -5*m(b) + 3*s(b). Let u be c(20). Calculate the highest common factor of 140 and u.
28
Suppose 0 = 12*q - 0*q + 1980. Let j = 301 + q. Let f = -122 + j. What is the highest common factor of 56 and f?
14
Let a(c) = c + 7. Let k be a(-8). Let x be (8 - 3)/(k/(-25)). Suppose -60 = 874*y - 886*y. What is the greatest common factor of x and y?
5
Let h = -123 - -299. Let z(l) = 2976*l - 5930. Let q be z(2). Calculate the highest common divisor of h and q.
22
Let w(a) = -46*a - 15. Let b be w(-2). Let h = b + -55. Let o be (8/4 - -2)/2. Calculate the highest common divisor of o and h.
2
Let j(l) = l**3 - 16*l**2 - 17*l + 8. Let x be j(17). Let f(s) = -x + s - s + s - 8. Let h be f(18). Calculate the greatest common factor of 8 and h.
2
Suppose 0 = -2*k + k + 3*l + 44, -146 = -3*k - 5*l. Calculate the highest common factor of k and 9.
1
Suppose -4025 = -219*o + 14039 + 15881. What is the greatest common divisor of 45 and o?
5
Let x(d) = d**3 - 9*d**2 + 2*d - 26. Let u be x(-11). Let f be (-4)/(80/u) + (-2)/5. Calculate the highest common factor of 164 and f.
41
Suppose 0 = 2*l + 64 + 46. Let h = -52 - l. Suppose 5*t + 5*c = 185, h*t + 2*t = 5*c + 215. What is the greatest common factor of 5 and t?
5
Suppose -4*y + 2*y + 48 = b, 4*b - 88 = -4*y. Let m be 745 - 493 - (-1 + 6). Calculate the greatest common factor of m and y.
13
Let u be (-8575 - 5)/(-11) + 12/(-2). Calculate the highest common factor of u and 45.
9
Suppose 2*h - 29644 = -6*h + 5*g, -3683 = -h - 5*g. What is the highest common factor of 14 and h?
7
Suppose 0*m - 268 = -5*y + 4*m, 4*m = 12. Let g be (-2)/(0 - (-4)/24). Let u be 5 + g*(-1)/4. Calculate the greatest common factor of y and u.
8
Suppose -53*r + 61*r = 3072. Let b = r - 368. What is the highest common divisor of 16 and b?
16
Suppose 5*o = k + 61, 6*k = -2*o + 3*k + 21. Suppose -o*r + 11*r = -95. Suppose 3*g = 19 + 38. Calculate the highest common divisor of g and r.
19
Suppose 18*d - 175 = -17*d. Suppose 564 = -32*o + 34*o + 2*z, -d*z - 1410 = -5*o. Calculate the greatest common divisor of o and 94.
94
Suppose -4*p - 26 = 170. Suppose -122 = -9*z + 427. Let y = p + z. Calculate the greatest common divisor of 4 and y.
4
Let o = -301 + 86. Let d = 435 + o. Suppose 0 = -3*s - 9, -17*b + 16*b - 5*s + 5 = 0. Calculate the greatest common factor of b and d.
20
Let u be ((-2000)/(-75))/(-7*8/(-84)). Let m = 6 + -1. Calculate the highest common factor of u and m.
5
Let u(d) = -d**3 + 25*d**2 - 112*d + 62. Let l be u(19). What is the greatest common factor of 7900 and l?
100
Let x(s) = -s**3 - 28*s**2 - 28*s - 22. Let h be x(-27). Suppose -h*w = r - 43, 0*w - 1 = w. What is the highest common factor of r and 36?
12
Let i(n) = -n**2 - 8*n - 12. Suppose 0 = -7*v + 3*v - 32. Let x be i(v). Let o = 53 - x. What is the highest common factor of o and 26?
13
Let a(h) = -2*h**3 - 2*h**2 + 10*h - 4. Let d be a(-4). Suppose -4*o = -5*x - 60, 3*o - 26*x - d = -24*x. Calculate the greatest common divisor of 220 and o.
20
Let s = -1628 - -2411. What is the greatest common divisor of s and 348?
87
Suppose 0 = -138*t + 234 + 450 + 6. Calculate the highest common factor of t and 535.
5
Let j = -87 + 87. Suppose d + 5 - 2 = 5*o, -5*o = j. Let x be (2 - -13)/(d/(-2)). Calculate the greatest common divisor of x and 4.
2
Let b = 2240 - 1501. Suppose 6*y - 767 - b = 0. Let w = -134 + y. Calculate the greatest common factor of 13 and w.
13
Let l(t) = t**3 - 17*t**2 + 13. Let z be l(17). Suppose -32*c + 16*c + 208 = 0. Calculate the highest common divisor of z and c.
13
Suppose -304*x = -488094 - 819410. What is the greatest common divisor of 11 and x?
11
Suppose -19301 = -279*q - 109*q + 3979. Let b = 223 + 77. Calculate the highest common divisor of q and b.
60
Suppose 0*g = 2*g - 94. Suppose -3*m - 733 = -1438. What is the greatest common factor of g and m?
47
Let d = 17264 + -16312. Calculate the greatest common divisor of d and 448.
56
Suppose 16*m - 701 - 819 = 0. What is the greatest common divisor of 247 and m?
19
Let g be 4/4*-39*10/(-30). Suppose -83 = -2*d + 5*f, 0 = -4*d + f - 0*f + 157. What is the highest common factor of d and g?
13
Suppose -u - 4*u = 5*p - 85, -4*p + u = -83. Suppose 0 = 5*i + h - 308, -7*i - 2*h + 40 = -6*i. Calculate the greatest common factor of i and p.
4
Suppose 9*h - 24 = 5*h - u, h - u = 6. Let n(s) = -s**3 + s**2 - 2*s + 2. Let d be n(2). Let w = h - d. What is the highest common divisor of 3 and w?
3
Let c be 2*2/(-6) - (405678/9)/(-14). What is the highest common factor of c and 111?
111
Let c = -193 - -221. Calculate the highest common divisor of c and 4928.
28
Suppose -4*c + 3*b + 229 = 0, 52*c - 191